96?
True
Is 443939 a multiple of 29?
False
Is 507012 a multiple of 22?
True
Is 125 a factor of 6545750?
True
Is 1657875 a multiple of 11?
False
Does 92 divide 291456?
True
Does 12 divide 986113?
False
Is 19768 a multiple of 7?
True
Is 67 a factor of 523605?
True
Does 22 divide 3530875?
False
Is 1669420 a multiple of 20?
True
Is 268742 a multiple of 82?
False
Is 5503667 a multiple of 10?
False
Is 139 a factor of 422977?
True
Does 25 divide 1356911?
False
Is 530 a factor of 9037011?
False
Is 101167 a multiple of 126?
False
Is 46 a factor of 7983392?
True
Does 21 divide 10023802?
False
Does 52 divide 801075?
False
Is 346115 a multiple of 341?
True
Is 361039 a multiple of 5?
False
Does 12 divide 26469?
False
Is 309536 a multiple of 21?
False
Does 401 divide 8625154?
False
Does 10 divide 265360?
True
Is 244696 a multiple of 146?
True
Is 5428366 a multiple of 106?
True
Does 44 divide 9424923?
False
Does 26 divide 16310164?
True
Is 12 a factor of 37248?
True
Is 599 a factor of 10436159?
False
Does 17 divide 241781?
False
Does 5 divide 437259?
False
Is 7572456 a multiple of 35?
False
Is 15 a factor of 276810?
True
Does 9 divide 426321?
True
Is 6 a factor of 30436?
False
Is 237 a factor of 280371?
True
Does 478 divide 263378?
True
Is 94 a factor of 156721?
False
Is 2589867 a multiple of 27?
True
Does 173 divide 900984?
True
Is 58 a factor of 113042?
True
Is 2139339 even?
False
Is 42 a factor of 2625672?
True
Is 5685138 a multiple of 88?
False
Does 3 divide 38867?
False
Is 398 a factor of 374216?
False
Is 125108 a multiple of 18?
False
Is 2010048 a multiple of 464?
True
Is 42602 a multiple of 5?
False
Is 8 a factor of 2230176?
True
Is 1134631 a multiple of 31?
True
Does 54 divide 365821?
False
Is 10 a factor of 5854286?
False
Is 133 a factor of 262542?
True
Does 35 divide 16150088?
False
Is 49 a factor of 7976960?
False
Is 6060950 a multiple of 7?
True
Does 183 divide 107970?
True
Is 15 a factor of 877260?
True
Does 580 divide 835200?
True
Does 93 divide 198689?
False
Does 630 divide 6012720?
True
Is 3903557 a multiple of 91?
False
Is 77 a factor of 853961?
False
Is 25886 a multiple of 81?
False
Does 18 divide 48024?
True
Does 20 divide 1944590?
False
Does 12 divide 19029535?
False
Does 91 divide 229047?
True
Does 33 divide 230391?
False
Is 2193039 a multiple of 854?
False
Does 75 divide 1647520?
False
Is 2427370 a multiple of 110?
True
Does 4 divide 1558675?
False
Is 14789 a multiple of 89?
False
Does 28 divide 823228?
True
Does 109 divide 75864?
True
Is 362367 a multiple of 84?
False
Is 130 a factor of 5618340?
True
Is 22416534 a multiple of 18?
True
Is 15 a factor of 9364216?
False
Is 7903 a multiple of 7?
True
Is 54795 a multiple of 13?
True
Is 283 a factor of 4311505?
True
Does 46 divide 114862?
True
Is 128875 a multiple of 6?
False
Is 176166 a multiple of 18?
True
Is 66265 a multiple of 145?
True
Is 6720729 a multiple of 142?
False
Is 122349 a multiple of 295?
False
Does 4 divide 1081216?
True
Is 875294 a multiple of 863?
False
Is 173415 a multiple of 3?
True
Is 175888 a multiple of 4?
True
Is 6239988 a multiple of 1251?
True
Is 59062 a multiple of 130?
False
Is 130 a factor of 8643180?
True
Is 1325054 a multiple of 187?
False
Does 246 divide 290034?
True
Is 86 a factor of 237618?
True
Does 113 divide 79697?
False
Is 33 a factor of 2011?
False
Does 38 divide 83562?
True
Does 635 divide 2225756?
False
Is 15 a factor of 34560?
True
Does 6 divide 1885014?
True
Is 5330472 a multiple of 56?
True
Is 962342 a multiple of 551?
False
Does 72 divide 117288?
True
Does 19 divide 59755?
True
Is 81 a factor of 201833?
False
Is 540480 a multiple of 24?
True
Is 37 a factor of 117773?
False
Does 7 divide 73171?
True
Is 1095866 a multiple of 33?
False
Is 524255 a multiple of 7?
False
Is 55517 a multiple of 49?
True
Does 88 divide 22664291?
False
Is 58 a factor of 83520?
True
Does 97 divide 6802804?
True
Is 149290 a multiple of 1327?
False
Is 181 a factor of 473496?
True
Is 8785532 a multiple of 17?
True
Is 13746 a multiple of 6?
True
Is 17 a factor of 215196?
False
Is 84254 a multiple of 16?
False
Is 76 a factor of 963908?
True
Is 248 a factor of 141706?
False
Is 7 a factor of 492786?
True
Is 1068902 a multiple of 19?
True
Is 31258 a multiple of 95?
False
Is 4320897 a multiple of 605?
False
Does 19 divide 1538658?
True
Does 13 divide 9191?
True
Is 1953072 a multiple of 792?
True
Does 23 divide 2278725?
True
Is 26 a factor of 1529546?
False
Is 4674343 a multiple of 7?
False
Does 11 divide 7367514?
True
Is 462942 a multiple of 27?
True
Is 6 a factor of 267221?
False
Is 76 a factor of 251170?
False
Is 4697549 a multiple of 5?
False
Is 36 a factor of 147251?
False
Does 36 divide 354439?
False
Is 371982 a multiple of 247?
True
Does 982 divide 806222?
True
Is 4420833 a multiple of 156?
False
Is 437 a factor of 1821564?
False
Does 1661 divide 7735377?
False
Is 35 a factor of 790370?
True
Is 20 a factor of 285160?
True
Is 70244 a multiple of 68?
True
Is 15 a factor of 3915855?
True
Is 860778 a multiple of 34?
True
Is 23 a factor of 272581?
False
Is 41127 a multiple of 225?
False
Does 72 divide 19500552?
True
Is 63 a factor of 276160?
False
Is 55 a factor of 73975?
True
Is 74 a factor of 48532?
False
Is 394 a factor of 2364?
True
Is 236 a factor of 191160?
True
Does 101 divide 732896?
False
Is 36800 a multiple of 5?
True
Is 52646 a multiple of 77?
False
Does 10 divide 147491?
False
Is 1875535 a multiple of 5?
True
Is 56 a factor of 135464?
True
Does 32 divide 481344?
True
Does 1410 divide 489270?
True
Is 6391841 a multiple of 25?
False
Does 161 divide 14899745?
True
Does 41 divide 323680?
False
Is 135423 a multiple of 81?
False
Does 64 divide 451328?
True
Does 51 divide 457317?
True
Is 22744 a multiple of 38?
False
Does 11 divide 346984?
True
Is 398695 a multiple of 605?
True
Is 52992 even?
True
Does 6 divide 74448?
True
Is 621 a factor of 1657918?
False
Is 932 a factor of 10232428?
True
Does 146 divide 96068?
True
Does 284 divide 1243636?
True
Is 2263854 a multiple of 89?
False
Is 121 a factor of 2540274?
True
Does 75 divide 44374?
False
Does 282 divide 13506672?
True
Is 5 a factor of 77090?
True
Does 32 divide 359776?
True
Does 10 divide 12990?
True
Does 33 divide 61898?
False
Does 183 divide 376895?
False
Is 83 a factor of 2701201?
False
Is 15398605 a multiple of 451?
False
Does 6 divide 126106?
False
Is 143 a factor of 140259?
False
Is 2095416 a multiple of 712?
True
Does 17 divide 402356?
True
Is 169 a factor of 1604994?
False
Is 13 a factor of 48256?
True
Does 62 divide 61344?
False
Is 79 a factor of 224123?
True
Does 171 divide 491625?
True
Is 44870 a multiple of 35?
True
Is 4343070 a multiple of 15?
True
Is 231674 a multiple of 83?
False
Is 13 a factor of 106522?
True
Is 215 a factor of 134375?
True
Does 134 divide 389270?
True
Is 49457 a multiple of 359?
False
Is 56 a factor of 76832?
True
Is 5 a factor of 11280225?
True
Is 85 a factor of 49980?
True
Is 40053 a multiple of 8?
False
Does 407 divide 173376?
False
Is 3 a factor of 34569?
True
Is 1999188 a multiple of 27?
True
Does 95 divide 3364?
False
Does 2 divide 115475?
False
Is 12262102 a multiple of 146?
True
Is 10 a factor of 324250?
True
Is 1093 a factor of 15112065?
False
Is 290 a factor of 7585530?
True
Is 460632 a multiple of 34?
True
Is 5075 a multiple of 18?
False
Is 646485 a multiple of 655?
True
Is 11708182 a multiple of 320?
False
Is 421 a factor of 19411185?
False
Is 198 a factor of 97363?
False
Is 25 a factor of 240375?
True
Does 149 divide 3511166?
False
Is 65257 even?
False
Is 115 a factor of 583343?
False
Is 1599582 a multiple of 58?
True
Is 16 a factor of 86112?
True
Is 11 a factor of 3173775?
True
Does 6 divide 56586?
True
Is 1589432 a multiple of 136?
True
Is 1699932 a multiple of 102?
True
Is 246 a factor of 176382?
True
Is 48 a factor of 708432?
True
Is 8171 even?
False
Is 14 a factor of 1369438?
True
Does 217 divide 78869?
False
Does 38 divide 6732281?
False
Is 157 a factor of 53537?
True
Does 164 divide 277034?
False
Is 359 a factor of 601348?
False
Is 78738 a multiple of 22?
True
Is 106353 a multiple of 117?
True
Is 428588 a multiple of 327?
False
Does 20 divide 1595842?
False
Is 3438417 a multiple of 637?
False
Is 111 a factor of 224627?
False
Does 5 divide 351695?
True
Is 1980 a fac